*f - 12, -4*q = 5*f + 11 - 28. Suppose -a + 0*a - 5*t - 1 = 0, -q*a = t - 25. What are the prime factors of 6/a - (-22)/3?
2
Let v(g) = 6*g + 1. Let a be 4/6 - 1/(-3). What are the prime factors of v(a)?
7
Let v(m) = 2*m**3 - 11*m**2 + 4*m + 6. What are the prime factors of v(7)?
181
Suppose 3*r - 1 = 11. Suppose 0 = r*b - 21 - 27. What are the prime factors of b?
2, 3
Let d(z) = 3*z**2 - 13*z - 77. What are the prime factors of d(13)?
3, 29
Suppose 4*u - g - 76 = 12, -2*u - 3*g + 58 = 0. Suppose u + 35 = 2*l. List the prime factors of l.
29
Let v = -16 - -53. What are the prime factors of v?
37
What are the prime factors of 5/10 - 74/(-4)?
19
Suppose n - 5*w - 28 = -0, 2*n = -4*w - 14. Let s(h) = h. List the prime factors of s(n).
3
Let n be (-1)/((6/(-2))/3). What are the prime factors of 2/n*(-5)/(-2)?
5
Suppose -2*s + 2*m - 5*m = -23, -3*s + 43 = -4*m. Let h be (3/2)/(6/8). Suppose -h*y = 4*i - 3 + 5, 5*i = -y - s. What are the prime factors of y?
7
Let h(v) = 38*v**2 - 3*v + 2. List the prime factors of h(1).
37
Suppose -86 = -4*f + 22. List the prime factors of f.
3
Let y(d) = d**3 - 5*d**2 - 6*d + 3. Let q be y(6). Suppose 2*u + 26 = 2*k, k + 3*k - q*u - 52 = 0. List the prime factors of k.
13
Suppose 0 = -7*s + 2*s + 4*j + 391, 4*s = -4*j + 284. List the prime factors of s.
3, 5
Suppose 4*q - 4 = 3*q. Let v(u) = u**3 - 4*u**2 + 3*u - 2. List the prime factors of v(q).
2, 5
Let i(w) = w**2 - w - 2. Let h be i(-3). Let k = h + -6. Let n(v) = v**2 - 2*v + 2. What are the prime factors of n(k)?
2, 5
Let z(b) = b**2 - 4*b + 7. List the prime factors of z(6).
19
Suppose 0 = -20*b + 17*b + 321. List the prime factors of b.
107
Let l(w) be the first derivative of -w**4/8 - w**3/6 - w**2 - 1. Let o(f) be the second derivative of l(f). What are the prime factors of o(-3)?
2
Let c be 3 + 12 + 0/2. What are the prime factors of ((-5)/c)/(1/(-66))?
2, 11
Suppose -3*x = c - 57, -4*c + 9 + 287 = -5*x. What are the prime factors of c?
3, 23
Suppose 0 = -3*b - 2*h + 140, -3*b - h + 72 = -70. List the prime factors of b.
2, 3
Suppose -9*d + 12*d = 90. Suppose 3*g = g + 8. Suppose o + d = g*o. List the prime factors of o.
2, 5
Let p(m) = 21*m - 25. Let k(w) = -5*w + 6. Let x(f) = -9*k(f) - 2*p(f). What are the prime factors of x(6)?
2, 7
Let c = 19 - -1. Let w = -12 + c. List the prime factors of (35/(-20))/((-2)/w).
7
Let u(n) = -n**2 - 4*n + 2. Let p = -4 - 0. Let k be u(p). Suppose 4*j - 40 = k*j. List the prime factors of j.
2, 5
Suppose 0 = -3*n + 7*n + 24. Let h = n - -4. List the prime factors of (4/h)/((-14)/35).
5
Let o(n) = -2*n**2 + 1. Let j be o(-1). What are the prime factors of (j + 2)/(1/13)?
13
Suppose 3*k - 18 = -3. Suppose k*y - 16 = y. What are the prime factors of y?
2
Let j(y) = -y**2 - 9*y + 2. Let d be j(-8). Let l = -7 + d. List the prime factors of l.
3
Let f(c) = 181*c. Let y be f(1). Suppose 7*l - 36 = y. What are the prime factors of l?
31
Let s = 13 + -19. List the prime factors of s/3*(-17 + -1).
2, 3
Let p be (-4)/((-6)/(5 - 2)). Let z be p/(-6)*-3 + 2. Suppose -a - l - 4*l + 31 = 0, -4*a + 32 = -z*l. What are the prime factors of a?
11
Suppose -5*f = -f - 220. List the prime factors of f.
5, 11
Suppose -3*t + 7 = -11. Suppose 3*v + t = 0, -4*k - v + 130 = 2*v. List the prime factors of k.
2, 17
Let t = 6 - 6. Suppose -2*o = -m - 3, -2*m + 10 = 4*o - t*m. What are the prime factors of o?
2
Let o = -9 - -12. Suppose 2*k + 13 = o*k. What are the prime factors of k?
13
Let y(r) = 4*r**2 - 8*r + 21. List the prime factors of y(6).
3, 13
Suppose 0 = 2*f - 77 - 51. What are the prime factors of f?
2
Suppose 2 = 2*q - 12. List the prime factors of q.
7
Suppose -3*w = -3*t - 2*t - 125, -4*t = 4. Let j be 1936/w + (-4)/10. Suppose 3*q - j = 9. What are the prime factors of q?
19
Let q(y) = y. Let k(v) = 10*v + 8. Let f(z) = -k(z) + 12*q(z). Let p be f(6). Suppose -p*i = i - 35. List the prime factors of i.
7
Let q = 1 + 3. Suppose q*z - 219 = -83. List the prime factors of z.
2, 17
Suppose 2*q - 4*t - 7 = 1, -44 = -3*q - 2*t. List the prime factors of q.
2, 3
Let g be ((-11)/(-2))/(7/(-42)). List the prime factors of (-4)/(-2) + (1 - g).
2, 3
Let m = -7 + 13. What are the prime factors of (-3 + m)*(-53)/(-3)?
53
Let r be 10/25 + (-13)/(-5). Suppose -2*q = r - 1, -q + 23 = y. Suppose 4*j - 16 = -4*k + y, 0 = 3*k - j - 18. What are the prime factors of k?
7
Let x be 0*2*(-2)/8. Suppose -2*l = 5*q + l - 70, x = -4*q + 5*l + 19. List the prime factors of q.
11
Let v be (-18)/12 + (-258)/4. Suppose -3*y = 2*y + 30. What are the prime factors of v/(-10) - y/15?
7
Suppose -110*g = -106*g - 1448. List the prime factors of g.
2, 181
Let j(o) = 2*o**2 - 5*o + 8. List the prime factors of j(5).
3, 11
Let f(r) be the second derivative of r + 5*r**2 + 0 - 1/6*r**3. List the prime factors of f(8).
2
Let w be 5 + -1 + 0 + 1. Suppose w*r = v + 21, -5*r + 22 = -0*v - 2*v. Suppose -5*s + 2*a = -70, -r*s + a + 68 = -3*a. List the prime factors of s.
2, 3
Let p be (-1)/(-1) - (-2 + 1). Let q = p + 0. Suppose -q*a - 5*u + 17 = -4, -a - 4*u = -15. What are the prime factors of a?
3
Suppose -q - 2*c = -242, -1166 = -5*q + c - 0*c. List the prime factors of q.
2, 3, 13
Suppose 0*n + 4*n + 2*s = 1408, 0 = n - 2*s - 352. What are the prime factors of n?
2, 11
Let i(b) = 2*b**3 + b**2 - b. Let c be i(1). List the prime factors of 3 + (c - 4) + 3.
2
Suppose 7*u + 6 = 10*u. Suppose u*o - 10 = -0*o. Suppose -10 = -o*m + 25. List the prime factors of m.
7
Let g(r) = -r**3 - 6*r**2 - 4*r + 4. Let d be g(-4). Let q be (52/(-10))/((-1)/(-5)). Let s = d - q. What are the prime factors of s?
2, 7
Let q = 53 - -11. Let a = q + -44. List the prime factors of a.
2, 5
Let b = -19 + 85. Suppose 0 = 3*k - 3*n - n - b, 0 = -2*n + 6. What are the prime factors of k?
2, 13
Suppose 0*d + 5*p = -5*d + 135, -4*d - 3*p + 111 = 0. List the prime factors of d.
2, 3, 5
Suppose n + 5*y - 4 = 0, 3*n - 84 = 2*y + y. Suppose p = 3*p - n. What are the prime factors of p?
2, 3
Let c = 39 - -73. List the prime factors of c.
2, 7
Let s(f) = f**2 + 6*f + 6. Let d be s(-6). Let n(y) = -y - 2 + 4*y - 7. What are the prime factors of n(d)?
3
Let a(f) be the second derivative of -f**4/12 - 7*f**3/6 + 4*f**2 - 2*f. Let g be a(-8). Let p = g - -2. List the prime factors of p.
2
List the prime factors of 15*1*(-91)/(-21).
5, 13
Suppose 3*w - 213 = -3*o, 69 = w - 0*w + 2*o. List the prime factors of w.
73
Let q = 54 + -24. Suppose -11*m = -6*m - q. Suppose -v = 2*v - m. List the prime factors of v.
2
Let b be (-5 + -2)*(2 - 3). Suppose -b = 2*f - 3*f. List the prime factors of f.
7
Let p(b) = -b**3 - 13*b**2 + 2*b + 29. List the prime factors of p(-13).
3
Let j = 7 + -11. Let w be (1 + 2)/(-1 + 0). List the prime factors of 0 + 3 - (w - j).
2
Let n(f) = -f**2 + 13*f - 13. Let k be n(10). Let g = 43 - k. List the prime factors of g.
2, 13
Let j = -115 + 181. Suppose 3*m = -2*m + o - j, 2*m + o + 25 = 0. Let n = -4 - m. List the prime factors of n.
3
Suppose 2*l = -4*m + 18, 2*l + 3*m - 3 - 13 = 0. List the prime factors of l.
5
Let j(b) = -6*b**2 + 2*b**2 + 3*b**2. Let v(o) = -2*o**3 + 6*o**2 + o + 1. Let r(c) = -4*j(c) - v(c). What are the prime factors of r(2)?
5
Let a(q) = -2*q**2 + 8*q - 2. Let j be a(6). Suppose -61 = -h - 24. Let z = j + h. List the prime factors of z.
11
Let m(n) = n**3 - 4*n**2 - 8*n - 11. What are the prime factors of m(7)?
2, 5
Suppose -p - 4 + 8 = 0. Suppose 27 + 13 = p*c. What are the prime factors of c?
2, 5
Let b(o) = 22*o**3 + o**2. Let d be b(-1). Let v = d - -3. Let x = v + 27. List the prime factors of x.
3
Let c be (-220)/(-18) - (-4)/(-18). Suppose c = 6*i - 4*i. What are the prime factors of i?
2, 3
Let n(x) = -x**3 - 2*x**2 + 2*x - 1. Let t be n(1). Let l = t + 7. What are the prime factors of (l/15)/((-2)/(-54))?
3
Let y = 255 + 19. List the prime factors of y.
2, 137
Suppose 1020 = 4*w + 412. What are the prime factors of w?
2, 19
Suppose 3*n = n + 6. Suppose -3*o + 163 = 4*f, -5*f - 8*o = -n*o - 205. Suppose -f = p - 5*p. List the prime factors of p.
2, 5
Let y be 6 + (1 + 2)/(-3). Suppose 3*n - 16 = -y*o, 3*n + n - 4*o = 0. Suppose n*t - 25 = 3*a - 0*a, 5*t - a = 69. What are the prime factors of t?
2, 7
Let j = -142 - -243. List the prime factors of j.
